he units digit of d + (-1 - 1) - -3?
4
Let s(w) = -w**2 + 6*w + 3 - 4*w**2 + 4*w**2 + 4. What is the tens digit of s(5)?
1
Let t(v) = 8*v**3 - 1 + 0 - v + 2. Let m be t(1). Let c = m + -7. What is the units digit of c?
1
Suppose -2*v + 5*v + 5*h - 20 = 0, -v = -5*h. Suppose -5*m + 174 = v*d - 2*m, -2*d = -4*m - 54. What is the tens digit of d?
3
Let m(z) be the second derivative of 0 - 1/20*z**5 - 3*z + 2/3*z**3 + 3/2*z**2 - 1/3*z**4. What is the units digit of m(-5)?
8
Let b(r) = r**3 + 4*r**2 + 2. Let l be b(-4). Suppose 4 = l*j - 0. What is the units digit of j?
2
Let w = -53 - -95. What is the units digit of w?
2
Let d = 468 - 235. What is the hundreds digit of d?
2
Let b be (6/(-4))/(-3)*0. What is the tens digit of 0 + 25 + b + -1?
2
Let m = 134 + 5. What is the units digit of m?
9
Let x(l) = l**2 + 10*l - 9. Let q = 21 - 33. What is the units digit of x(q)?
5
Let f = 16 - 18. Let g(m) = -2*m**3 + 0 - 3*m**2 - 2*m - 3 + 0*m**3. What is the units digit of g(f)?
5
Suppose 4*l - 60 = -0*l. What is the units digit of l?
5
Let d(a) = a**2 - 7*a - 6. Let f be d(7). What is the units digit of (-5)/((-15)/f) + 4?
2
Let w = 5 + 6. What is the tens digit of w?
1
Let i be -3*2 - 3 - -1. Let y = 2 - i. What is the tens digit of y?
1
Let l(y) = -4*y - 4 + 2 + 13 + y. What is the tens digit of l(-5)?
2
Suppose 0 = 2*f - 10, 0 = -v + 3*f - 17. Let l be 1/v*-2*30. Suppose 5*z - 5*m - l = 0, -z + 6*m = 4*m - 2. What is the units digit of z?
0
Let q(g) = -1. Let t(f) = 2*f - 5. Let v(b) = 2*b - 4. Let c(s) = -3*t(s) + 4*v(s). Let r(j) = -c(j) - 5*q(j). What is the tens digit of r(-6)?
1
Let r(h) = h - 5. What is the units digit of r(10)?
5
Suppose -483 - 789 = -12*a. What is the units digit of a?
6
Let x be 31/6 - 3/18. Suppose 1 = m, 0*d - 5*m = d - x. Suppose d = -o - 3*b + 16, -4*b + 3 + 2 = -o. What is the units digit of o?
7
Let h(r) = -8*r - 2. Suppose -1 + 0 = m. What is the units digit of h(m)?
6
Let n(w) = w**2 + 3*w - 4. Let v be n(-4). Suppose -k - 3*k = v. Suppose -4*h + 2*u = -k*u - 58, 2*h - 4*u = 26. What is the units digit of h?
5
Let a(y) = -y**3 - 2*y**2 + 2*y. Let s(f) = -5*f**3 - 7*f**2 + 9*f + 1. Let c(u) = -9*a(u) + 2*s(u). What is the units digit of c(3)?
1
Let f be (0 - -1)/((-2)/(-26)). Suppose 3*s - f = 32. What is the tens digit of s?
1
Let z(h) = 10*h**3 + h. Let b(i) be the second derivative of -i**4/12 + 7*i**3/6 - 5*i**2/2 + 2*i. Let s be b(6). What is the tens digit of z(s)?
1
Suppose 4*g = 3*j - 23, 3*g + 16 = j - 0*g. Let x be (0*(j - 2))/(-1). What is the units digit of (x + -1)/1*-5?
5
Let y(d) = -3*d**3 + d**2 + d. Let g be y(-1). Suppose -g*u - 12 = 0, 0 = -3*t - u - 0*u + 11. Suppose -t*l + 25 - 5 = 0. What is the units digit of l?
4
Let k(f) = -f**2 - 2*f + 138. What is the tens digit of k(0)?
3
Suppose 0*x = -2*x + 12. Let v be (-10)/15 + (-5)/(-3). What is the units digit of (x - 3) + (v - 3)?
1
Suppose 0 = -2*u - 0*u. Let t = 4 - u. Suppose -11 = -t*x + 2*p + 11, -5*x + 23 = -4*p. What is the units digit of x?
7
Suppose m - 35 = 6*m. Let d = 2 - m. What is the units digit of d?
9
Let j(s) = 3 + 2 + 10*s**2 - 6. Let c(r) = -r**2 + r + 1. Let t be c(-1). What is the units digit of j(t)?
9
Suppose 4*j + 4*x - x = -1, -2*x = 4*j + 2. Let r be 14 + (0 - (j + 3)). What is the units digit of 9/r + 2/8?
1
Suppose -45 - 155 = -5*d. What is the units digit of d?
0
Suppose 3*a + 38 = -y + 6*y, a + 2*y + 20 = 0. Let q = 34 + a. What is the tens digit of q?
1
Let t(a) = -a**2 + 18*a - 19. What is the tens digit of t(11)?
5
Suppose 2 = -p + c, 5*c + 4 = -p + 20. Let g be -2 + 1 + (p - -2). Let f(h) = h + 1. What is the units digit of f(g)?
3
Suppose -3*t = -7*t + 288. What is the units digit of t?
2
Let c(i) = -3*i**3 - 4*i**2 + 4*i. What is the tens digit of c(-4)?
1
Suppose 4*z - 320 = -3*m, -3*z = 3*m - 2*z - 332. What is the tens digit of m?
1
Let k = -106 - -179. What is the units digit of k?
3
Let a = 67 + 24. What is the units digit of a?
1
Let z = -4 - -5. Suppose i - z - 2 = 0. Suppose 4*s + q - 11 = -2, -s = -i*q + 14. What is the units digit of s?
1
Suppose -565 = -4*r + 163. What is the tens digit of r?
8
Suppose -2*z + 13 = 5. What is the units digit of z/6 + (-64)/(-12)?
6
Let y(x) = -x**2 + 7*x + 5. Let l = -3 - -10. What is the units digit of y(l)?
5
Suppose -p = -4 + 2. Suppose -2*l - 4*g = -24, -p*l + g + 21 = 2*l. What is the units digit of l?
6
Suppose -4 - 149 = -3*f. Let n = f + -10. What is the units digit of n?
1
Suppose -3*q + 60 = -153. Let u = q - 27. Suppose 7*r = 3*r + u. What is the tens digit of r?
1
Suppose 71*l = 76*l - 1065. What is the tens digit of l?
1
Suppose -4*i + 5*d + 56 = 2*d, 3*i - d = 37. What is the units digit of i?
1
Suppose 0 = 5*k - i - 306, -2*k + 4*k - 5*i = 104. What is the units digit of k?
2
Suppose 0 = -3*s + 11 - 5. Let o(i) = 20*i + 2. What is the units digit of o(s)?
2
Let d(c) be the third derivative of -c**5/60 + c**4/3 + 11*c**3/6 - 2*c**2. What is the tens digit of d(8)?
1
Let x = 205 - 113. What is the tens digit of x?
9
What is the units digit of (-21)/(-5) + (-5)/25?
4
Let w(x) = 16*x + 28. What is the units digit of w(14)?
2
Suppose b + 3 = -4*d, -7 = 2*b + 4*d - 1. What is the units digit of (0 - -11)*1 + b?
8
Suppose 0 = -3*i + 2*i + 15. What is the units digit of i?
5
Let a = -29 + 44. Let d be ((-6)/(-10))/(3/a). Suppose -3*f + d*g = 0, -8 = -4*f - 0*f + 2*g. What is the units digit of f?
4
Suppose 0 = 5*i, -2*b - 12 = -6*b - i. Let u = -9 + 4. What is the units digit of u/(2/(1 - b))?
5
Suppose 17 = i - 5*v + 7, 8 = 4*i - 4*v. Suppose 4*h + i*h = 24. What is the units digit of h?
6
Let b = -108 + 166. Suppose -i + 3*v + 39 = 0, 6*v + b = 2*i + 4*v. What is the units digit of i?
4
Let l(i) = i**3 + 9*i**2 - i + 2. Let x = 0 + -2. Let v(w) = -w**2 + w. Let y(r) = x*v(r) - l(r). What is the units digit of y(-7)?
5
Let q = -92 + 277. What is the units digit of q?
5
Let v(w) = w**2 + 7*w + 12. What is the tens digit of v(-8)?
2
Let u(q) = -q - 4. Let h be u(-6). Suppose 0 = 5*v - 6*i + 3*i - 7, -5*v = i - 11. What is the units digit of (v - 0)*1/h?
1
Let z(g) = 30*g**2 - 2*g - 1. Suppose -7*r = -2*r + 5. What is the tens digit of z(r)?
3
Let o = 0 - 3. What is the units digit of (-3)/1*3/o?
3
Suppose -4*y - 62 = -5*y. What is the tens digit of y?
6
Let h = 67 - 41. What is the units digit of h?
6
Suppose 9*g - 14*g + 635 = 0. What is the units digit of g?
7
Let c(i) = -i**2 + 1 - 4*i - 6*i**2 + 3*i**2 - i**3. Let h be c(-3). Suppose 2*x = 4*a - 6, 7*a - 21 = -4*x + h*a. What is the units digit of x?
3
Suppose -b + 104 = n, -5*n + 3 + 17 = 0. Let v = -59 + b. What is the tens digit of v?
4
What is the units digit of (-730)/2*6/(-15) + 3?
9
Let a be (2 - 1)/(2/2). Let q(c) = 3*c**2 + c - 1. Let v be q(a). Suppose 5*u + v - 8 = 0. What is the units digit of u?
1
Suppose x - 2 = -4*b + 10, b + 4*x = 3. Suppose -b*c + 4 = 1. What is the units digit of 58/10 - c/(-5)?
6
Let a(m) = -8*m - 42. What is the units digit of a(-8)?
2
Suppose -5*o + 30 = -3*y, 22 = -4*y + o - 1. Let j be (-64)/y - (-1)/5. Let q = -2 + j. What is the tens digit of q?
1
Let k(f) = -f + 12. Let o be k(10). Suppose -o*z - 6 + 38 = 0. What is the units digit of z?
6
Suppose 4*r - 517 - 55 = 0. What is the tens digit of r?
4
Let n(d) = -1 + 21 + d - 3*d + d. What is the units digit of n(9)?
1
Suppose 3*l - 138 = k, 0*l - 3*k = 5*l - 244. What is the units digit of l?
7
Let c(f) = 7*f**2 - 2*f - 1. Let d(r) = r**3 + 2*r**2 - 2*r + 2. Let p(t) = -2*t + 5. Let q be p(4). Let g be d(q). What is the units digit of c(g)?
8
Let w(j) = 3*j + 9. Let o be w(-3). Suppose h - 45 = -o*h. What is the units digit of h?
5
Let l be (-1)/(2/(-18) - 0). Let t = l - 6. Suppose 39 = 4*s - 5*z, s + z = t*z + 6. What is the units digit of s?
6
Let v = 169 + -118. What is the tens digit of v?
5
Suppose -x + 6 = -0*x. Let l = 8 - x. Suppose -6*d + l*d - o = -75, 0 = 2*d + 3*o - 35. What is the units digit of d?
9
Let i = 75 + -50. What is the units digit of i?
5
Let b(g) = -16*g + 6. Let l(h) = 47*h - 17. Let c(y) = -8*b(y) - 3*l(y). What is the units digit of c(-2)?
9
Suppose -l + 5 = 3. Suppose 2*c = 4*c + l. What is the units digit of (-1*4 - c)*-1?
3
Let d(t) = -t**3 + 4*t**2 - 3. Let h be d(3). Let u = h + -5. W